is -101 + -1011011110101110?
-1011011110110011
In base 12, what is -355 + 2601?
2268
In base 16, what is 74 - 62?
12
In base 2, what is 10010101010000010110110 + 11?
10010101010000010111001
In base 10, what is -9655 + -4?
-9659
In base 10, what is -273607 + 4?
-273603
In base 2, what is 11011101101 + 10?
11011101111
In base 10, what is -4 - -8181?
8177
In base 15, what is -3aa30 - -4?
-3aa2b
In base 16, what is -145c0 + -4?
-145c4
In base 2, what is -11101111 - -11001?
-11010110
In base 16, what is -37 + 2dd2?
2d9b
In base 2, what is 1010100 - -11101100001101?
11101101100001
In base 3, what is 11 - -110102001?
110102012
In base 4, what is 22033111310 - -3?
22033111313
In base 5, what is -3 - 21424312?
-21424320
In base 5, what is 12023012 - -1?
12023013
In base 6, what is 21441 + -3?
21434
In base 16, what is 41b1 + -2?
41af
In base 13, what is -87 - -a0?
16
In base 5, what is -2314 - 14202?
-22021
In base 8, what is -202 - -2207?
2005
In base 4, what is -312 + -22112?
-23030
In base 10, what is -3140 + -111?
-3251
In base 10, what is 58 - 11413?
-11355
In base 11, what is 9 + -7a461?
-7a453
In base 13, what is 4a80 - 3?
4a7a
In base 15, what is -1 + -b7a5e?
-b7a60
In base 11, what is -15 + -30a04?
-30a19
In base 16, what is c2 - 13?
af
In base 5, what is -113 - 41?
-204
In base 10, what is -4 - -397?
393
In base 7, what is 1 - 503536?
-503535
In base 15, what is 2cd1 + 9?
2cda
In base 2, what is -10010001 + 10010111?
110
In base 8, what is -15171 - -45?
-15124
In base 3, what is -11 - -200021010111?
200021010100
In base 5, what is 232300 - 2322?
224423
In base 13, what is -14914 - 8?
-1491c
In base 16, what is 8580 - -4?
8584
In base 11, what is 2353 + -66?
2298
In base 11, what is -76a + 7a3?
34
In base 16, what is 9c2 + -12?
9b0
In base 16, what is -11 - 22d?
-23e
In base 11, what is -18a2451 - 4?
-18a2455
In base 14, what is -19 - -1b6?
19b
In base 7, what is -55313 + 12?
-55301
In base 2, what is -10001000110100 + -100?
-10001000111000
In base 4, what is 10223 - -31003?
101232
In base 8, what is -554476 + 4?
-554472
In base 12, what is -263364 + 3?
-263361
In base 6, what is -2 + -234205?
-234211
In base 13, what is 2 + 3544?
3546
In base 4, what is 20200221 + -1?
20200220
In base 16, what is 2724 - -18?
273c
In base 10, what is 2 - -853027?
853029
In base 7, what is 12411 + 45?
12456
In base 9, what is 50 - 21815?
-21755
In base 6, what is 151 + -25114?
-24523
In base 12, what is 2 - -5084?
5086
In base 4, what is 201330 + 12203?
220133
In base 6, what is 2 - 21102?
-21100
In base 6, what is -1501 + 0?
-1501
In base 15, what is 2281 + 2?
2283
In base 15, what is -6 + 84b4?
84ad
In base 15, what is 0 - -3912c?
3912c
In base 4, what is -23303003131 + 11?
-23303003120
In base 2, what is -1000110101 + 1000111?
-111101110
In base 9, what is -477 - 106?
-584
In base 15, what is -6de4 - -1?
-6de3
In base 5, what is 223320 - -2?
223322
In base 7, what is -5 + 4410220?
4410212
In base 15, what is -62 + 7?
-5a
In base 5, what is -3 + 124104?
124101
In base 5, what is 23 - 41010?
-40432
In base 12, what is 1 - -1613?
1614
In base 11, what is -432510 + 0?
-432510
In base 2, what is 110010 + -101111001000001?
-101111000001111
In base 14, what is -132cb + 7?
-132c4
In base 6, what is 2232232 + 3?
2232235
In base 8, what is -27253416 - 2?
-27253420
In base 4, what is -200202 - 111?
-200313
In base 10, what is 17088 - 1?
17087
In base 8, what is 2431 + 240?
2671
In base 14, what is -5 - -2734?
272d
In base 11, what is 1a6 - 11?
195
In base 6, what is 4141 + -1522?
2215
In base 6, what is -1023524 + -5?
-1023533
In base 2, what is -1011111 - 11111110010?
-100001010001
In base 7, what is 14152 - 25?
14124
In base 11, what is 41200 + -3?
411a8
In base 15, what is 0 + cdb15?
cdb15
In base 4, what is -3 - 2121?
-2130
In base 14, what is -1 - -484?
483
In base 8, what is 62043 - 1?
62042
In base 15, what is -19bb + -11?
-19cc
In base 11, what is 10 + 13599?
135a9
In base 16, what is 1c1cd + -3?
1c1ca
In base 5, what is -3 - -2433024?
2433021
In base 11, what is 2a45 - 11?
2a34
In base 7, what is 1123255 + -21?
1123234
In base 3, what is 1112110101 - 10?
1112110021
In base 2, what is -100101011101011 + 11?
-100101011101000
In base 2, what is 10000111001010010 + 100?
10000111001010110
In base 13, what is -277b - -10?
-276b
In base 9, what is -7686 - 2?
-7688
In base 14, what is 8325 - -64?
8389
In base 10, what is 3 - -378950?
378953
In base 5, what is -111 - -111024?
110413
In base 10, what is -351 + -141?
-492
In base 9, what is 277 + 468?
756
In base 7, what is 451 - 3121?
-2340
In base 8, what is -1 - 1463?
-1464
In base 8, what is 1 - -1720?
1721
In base 14, what is 580a5 + 3?
580a8
In base 4, what is -2 + 1201222?
1201220
In base 10, what is 118 - 9322?
-9204
In base 4, what is 1010 + -11002?
-3332
In base 15, what is 3 - 1c78?
-1c75
In base 15, what is -d4c7 + 2?
-d4c5
In base 13, what is -62 - ba82?
-bb14
In base 2, what is -10011110111111 + -1000001000?
-10100111000111
In base 3, what is -12012001122 + -200?
-12012002022
In base 7, what is -5 - -40144?
40136
In base 14, what is 5d7 - 10?
5c7
In base 7, what is 4 + 211066?
211103
In base 4, what is -1012323011 - 1?
-1012323012
In base 8, what is 26 - 1107?
-1061
In base 9, what is -46826 - 2?
-46828
In base 3, what is -211000201011 + 10?
-211000201001
In base 8, what is 236433 - -5?
236440
In base 5, what is 4230014 - -4?
4230023
In base 8, what is -3355 - -21?
-3334
In base 11, what is -1 + 2800?
27aa
In base 11, what is 1 - -54160?
54161
In base 12, what is 4 - -11a671?
11a675
In base 8, what is 1610 - 650?
740
In base 9, what is -2 + 677?
675
In base 15, what is -767 - -675?
-e2
In base 4, what is -23 + 12202230?
12202201
In base 3, what is -10 - -110011211110?
110011211100
In base 13, what is ab211 - 3?
ab20b
In base 16, what is 9 + 19df?
19e8
In base 2, what is -100101 - -10001011010?
10000110101
In base 4, what is -31 + 2313321?
2313230
In base 11, what is -211134 - -6?
-211129
In base 12, what is b + -124b16?
-124b07
In base 13, what is -4 + -23a960?
-23a964
In base 4, what is 213133012 + 0?
213133012
In base 5, what is -20033304 + -4?
-20033313
In base 9, what is -117208 + -27?
-117236
In base 8, what is -31144 + -61?
-31225
In base 11, what is 1291 - 338?
a54
In base 13, what is 2a2b + 3?
2a31
In base 5, what is -131324 + 404?
-130420
In base 7, what is 4 + 2104?
2111
In base 8, what is -56373 + 131?
-56242
In base 3, what is 11101020 + -121?
11100122
In base 11, what is 2 - 596537?
-596535
In base 9, what is -6415 + 64?
-6341
In base 10, what is -81821 + -18?
-81839
In base 4, what is -312310032 + 11?
-312310021
In base 9, what is -5 - -526632?
526626
In base 10, what is 428108 - -4?
428112
In base 10, what is 84363 + -52?
84311
In base 7, what is -1045460 + -4?
-1045464
In base 4, what is 101313113 + 0?
101313113
In base 12, what is 80a555 + -5?
80a550
In base 11, what is -348 + 5a3?
256
In base 8, what is 4576 - -142?
4740
In base 10, what is 7 - 4022?
-4015
In base 10, what is 37 + -4471?
-4434
In base 8, what is 22 + 4334?
4356
In base 9, what is 0 + 484731?
484731
In base 5, what is 4 + -223231?
-223222
In base 13, what is -51201 - 3?
-51204
In base 9, what is 17 + 1385?
1413
In base 5, what is 14332 - 123?
14204
In base 7, what is -1414520 + 5?
-1414512
In base 13, what is 1141 - a?
1134
In base 3, what is 12 + 10111112112?
10111112201
In base 16, what is -8282 + -5?
-8287
In base 14, what is 11 - 1610?
-15dd
In base 14, what is -8178 - b5?
-824d
In base 2, what is 1011000000101 + 11?
1011000001000
In base 12, what is 42 - 316?
-294
In base 5, what is -10232 - 12312?
-23044
In base 7, what is -1114121 + -2?
-1114123
In base 6, what is -241535554 - -4?
-241535550
In base 5, what is 14114043 - 10?
14114033
In base 3, what is 221202 + 10110?
1002012
In base 9, what is -676 + 4?
-672
In base 15, what is 161ee - -2?
16201
In base 13, what is -848 - 161?
-9a9
In base 4, what is -3313030230 - 11?
-3313030301
In base 13, what is -335 + 37?
-2cb
In base 4, what is -1312 - 130133?
-132111
In base 8, what is -1434457 - -1?
-1434456
In base 7, what is -2 + 1154264?
1154262
In base 3, what is 201021122 + -1111?
201020011
In base 15, what is -1c0 + -60?
-230
In base 4, what is -3 + -1230233102?
-